late the highest common factor of 21 and 1659.
21
What is the greatest common divisor of 767 and 39?
13
Calculate the greatest common divisor of 308 and 44.
44
Calculate the highest common factor of 3416 and 14.
14
What is the greatest common factor of 10 and 226?
2
Calculate the highest common factor of 76 and 8.
4
Calculate the greatest common divisor of 372 and 1364.
124
Calculate the greatest common divisor of 1309 and 6358.
187
What is the greatest common factor of 13 and 33358?
13
Calculate the greatest common factor of 84 and 12.
12
What is the greatest common factor of 75 and 105?
15
What is the greatest common factor of 539 and 2233?
77
Calculate the highest common divisor of 1728 and 320.
64
What is the greatest common factor of 152 and 56?
8
What is the greatest common divisor of 1258 and 255?
17
What is the highest common divisor of 1 and 167?
1
What is the highest common divisor of 143 and 1651?
13
What is the highest common factor of 1 and 902?
1
Calculate the highest common factor of 207 and 16146.
207
Calculate the highest common factor of 66 and 6.
6
What is the highest common factor of 27 and 729?
27
What is the greatest common factor of 8 and 34?
2
What is the greatest common factor of 82 and 41?
41
What is the highest common divisor of 2 and 2326?
2
Calculate the greatest common factor of 64 and 128.
64
Calculate the highest common divisor of 824 and 2369.
103
Calculate the greatest common factor of 4275 and 135.
45
Calculate the highest common factor of 168 and 168.
168
What is the greatest common divisor of 2816 and 11?
11
What is the highest common factor of 6 and 3489?
3
What is the greatest common divisor of 47 and 9?
1
Calculate the highest common divisor of 5162 and 58.
58
What is the greatest common factor of 841 and 406?
29
Calculate the highest common factor of 12 and 492.
12
Calculate the highest common divisor of 935 and 255.
85
Calculate the greatest common divisor of 12 and 165.
3
Calculate the greatest common divisor of 128 and 3008.
64
What is the greatest common factor of 8220 and 60?
60
Calculate the greatest common divisor of 1482 and 2106.
78
What is the highest common divisor of 858 and 9984?
78
Calculate the greatest common factor of 60 and 160.
20
Calculate the highest common divisor of 4 and 76.
4
Calculate the highest common divisor of 1526 and 14.
14
Calculate the greatest common factor of 1024 and 8.
8
Calculate the highest common factor of 33 and 1617.
33
What is the greatest common divisor of 12 and 876?
12
What is the greatest common factor of 60 and 25060?
20
What is the highest common divisor of 144 and 1632?
48
Calculate the greatest common divisor of 10 and 170.
10
Calculate the highest common divisor of 57 and 1311.
57
Calculate the highest common factor of 270 and 216.
54
What is the greatest common divisor of 2304 and 18?
18
Calculate the highest common factor of 141 and 6298.
47
Calculate the highest common factor of 550 and 1760.
110
Calculate the greatest common divisor of 2835 and 63.
63
Calculate the highest common factor of 171 and 399.
57
What is the greatest common factor of 7645 and 55?
55
Calculate the greatest common factor of 25494 and 42.
42
Calculate the highest common divisor of 403 and 124.
31
What is the highest common divisor of 12053 and 17?
17
Calculate the highest common factor of 561 and 153.
51
Calculate the greatest common divisor of 4636 and 228.
76
What is the greatest common factor of 300 and 156?
12
What is the greatest common divisor of 399 and 21?
21
What is the highest common divisor of 17 and 136?
17
Calculate the highest common factor of 98 and 8.
2
Calculate the greatest common factor of 94 and 235.
47
Calculate the greatest common factor of 125 and 2.
1
Calculate the highest common divisor of 477 and 53.
53
What is the greatest common factor of 37 and 333?
37
What is the greatest common divisor of 5609 and 79?
79
What is the greatest common factor of 459 and 63?
9
Calculate the highest common factor of 873 and 1358.
97
What is the highest common divisor of 536 and 72?
8
What is the highest common factor of 16093 and 627?
209
What is the highest common factor of 73 and 6059?
73
Calculate the highest common factor of 125 and 925.
25
Calculate the greatest common factor of 21 and 1141.
7
Calculate the highest common divisor of 1640 and 40.
40
What is the highest common factor of 3901 and 83?
83
What is the greatest common factor of 99 and 81?
9
Calculate the highest common factor of 18571 and 98.
49
What is the highest common factor of 1292 and 68?
68
Calculate the highest common factor of 6493 and 151.
151
What is the greatest common factor of 589 and 361?
19
Calculate the greatest common divisor of 13 and 1079.
13
What is the greatest common factor of 728 and 78?
26
What is the highest common divisor of 6446 and 22?
22
Calculate the highest common divisor of 32 and 1568.
32
Calculate the highest common divisor of 1 and 11.
1
What is the highest common divisor of 120 and 30?
30
Calculate the highest common factor of 50 and 15825.
25
Calculate the greatest common divisor of 204 and 1524.
12
Calculate the highest common divisor of 111 and 444.
111
What is the highest common divisor of 123 and 2747?
41
What is the greatest common factor of 36 and 118?
2
What is the greatest common divisor of 90 and 669?
3
What is the greatest common divisor of 350 and 14?
14
Calculate the greatest common divisor of 2 and 178.
2
What is the greatest common divisor of 1045 and 95?
95
Calculate the greatest common factor of 234 and 26.
26
What is the greatest common divisor of 180 and 54?
18
What is the greatest common factor of 136 and 16?
8
Calculate the highest common factor of 210 and 84.
42
Calculate the highest common divisor of 828 and 72.
36
What is the highest common factor of 2844 and 2528?
316
What is the highest common factor of 32 and 352?
32
What is the greatest common divisor of 132 and 572?
44
What is the highest common divisor of 500 and 6?
2
Calculate the greatest common factor of 740 and 592.
148
What is the highest common divisor of 358 and 21838?
358
What is the highest common divisor of 35 and 1715?
35
What is the greatest common factor of 1972 and 116?
116
What is the greatest common factor of 86 and 344?
86
What is the highest common factor of 24 and 600?
24
What is the highest common divisor of 78 and 221?
13
Calculate the greatest common factor of 272 and 374.
34
What is the greatest common factor of 144 and 32?
16
Calculate the highest common factor of 171 and 36.
9
Calculate the highest common divisor of 410 and 1886.
82
Calculate the highest common divisor of 60 and 1950.
30
What is the greatest common factor of 5 and 5?
5
Calculate the greatest common divisor of 1599 and 26.
13
Calculate the highest common factor of 41899 and 143.
143
Calculate the highest common divisor of 49 and 77.
7
Calculate the highest common divisor of 11694 and 48.
6
Calculate the highest common divisor of 117 and 39.
39
Calculate the greatest common factor of 832 and 13.
13
What is the greatest common divisor of 345 and 138?
69
What is the highest common factor of 1222 and 26?
26
Calculate the greatest common divisor of 742 and 252.
14
What is the highest common divisor of 16965 and 65?
65
Calculate the highest common divisor of 22 and 1694.
22
Calculate the highest common factor of 28 and 1148.
28
Calculate the highest common factor of 9909 and 81.
27
Calculate the highest common divisor of 97 and 27257.
97
What is the greatest common divisor of 697 and 1003?
17
What is the highest common divisor of 33 and 55?
11
Calculate the greatest common factor of 14 and 25886.
14
What is the greatest common divisor of 736 and 138?
46
Calculate the highest common divisor of 127 and 19.
1
What is the greatest common factor of 74 and 259?
37
Calculate the highest common divisor of 74 and 481.
37
What is the greatest common divisor of 420 and 700?
140
What is the highest common factor of 339 and 226?
113
What is the highest common divisor of 4627 and 35?
7
What is the highest common factor of 63 and 3241?
7
Calculate the greatest common factor of 68 and 4.
4
What is the highest common factor of 136 and 56?
8
Calculate the highest common factor of 66 and 7832.
22
What is the highest